uppose m = 3*k - 5*c - 295, -3*c - 3 = 0. What are the prime factors of k?
173
Suppose -5*g + 4*a + 30 = 0, 22 = g - a - 3*a. List the prime factors of (-1)/(5010/2508 - g).
2, 11, 19
Let d = -78 - -77. Let z be d*(8/28 + (-692)/(-28)). List the prime factors of 100/z - (-40)/1.
2, 3
Let b(p) = -p**2 + 47*p + 148. Let j be b(54). Suppose 5*o - g + 723 = 0, 4*g - 21 = -o - 153. Let n = o - j. List the prime factors of n.
2, 43
Let b(q) = -4*q**2 + 7 - 2*q**3 - 6*q - 3*q**2 - 19 + 3*q**3. Let k be b(8). What are the prime factors of 2*((-1)/k + (-222)/(-24))?
2, 3
Suppose -752*o + 8440 = 4*b - 748*o, 0 = o - 3. List the prime factors of b.
7, 43
Suppose -3*p = -0*p. Suppose 3*d = -d + 5*m - 5, d - 3*m + 10 = p. Suppose -d*l + 21 = -549. What are the prime factors of l?
2, 3, 19
Suppose 5*k + 10295 = 2*h, 2*k + 32694 - 12112 = 4*h. List the prime factors of h.
3, 5, 7
Let i(s) = 352*s**2 - 70*s - 51. What are the prime factors of i(10)?
3, 11483
Let s be -3 - ((-6)/(-9) - 4/(-12)). Let x be s/(-8) + -2 + (-395)/2. Let a = 293 + x. List the prime factors of a.
2, 47
Let h(i) = i**3 + 12*i**2 + i - 3. Let n be h(-12). What are the prime factors of n/9 - 23696/(-48)?
2, 3, 41
Suppose 11*h - 20*h = -18. Suppose -3*f = -3*a + 2*f + 1063, h*a - f = 704. List the prime factors of a.
3, 13
Suppose -2*k - 3*s = -17491 - 6367, 2*s = 12. What are the prime factors of k?
2, 5, 149
Let j(q) = -q**2 - 5*q - 4. Let t be j(-4). Suppose t = -3*y - y + 160. Suppose -2*l + y - 18 = 0. What are the prime factors of l?
11
Suppose -8*q + q = -1260. Suppose -m + 0*i = 4*i - 201, q = m - 3*i. What are the prime factors of m?
3, 7
Suppose -14*v + 8656905 = 79*v. What are the prime factors of v?
5, 18617
Suppose -i + 4*f = -6857, -4*i + 5*f - 20571 = -7*i. What are the prime factors of i?
6857
Let h be 3/((-6)/(-4))*(-35 + 37). Suppose -2929 = -h*m + 2*w + 401, 0 = 2*m + 4*w - 1690. Suppose -4*i - i = -m. What are the prime factors of i?
167
Suppose 2*j + 205 = 63. Let t be -1 + 0 + 18*-3. What are the prime factors of (j/(-5))/((-11)/t)?
71
Let f(w) be the second derivative of -2*w**3/3 + w**2/2 + 12*w. Let m be f(-1). Suppose -m*d - 64 = -6*d. List the prime factors of d.
2
Let q = -26 - -22. What are the prime factors of q*45/(-21)*35?
2, 3, 5
Suppose 3*c - 2 = 43. Suppose 5 + c = 4*u. Suppose 5*i - 640 = -u*x, -5*x + 11 = -i + 163. List the prime factors of i.
2, 3, 11
Let q(h) = -71*h - 27. Suppose 0 = -3*f + 2 - 14. What are the prime factors of q(f)?
257
Let q = 19479 + -9740. What are the prime factors of q?
9739
Let b be ((-4)/(-5))/(2/(-85)) - 4. Let v = 42 + b. Let i(g) = 42*g + 44. List the prime factors of i(v).
2, 53
Let i = 14318 + -9284. What are the prime factors of i?
2, 3, 839
Let i = -22 - -31. Suppose -p + 3 = -j, -5*p + i = -0*p + j. Suppose -p*g = -6*g + 100. What are the prime factors of g?
5
Suppose 610032 = 375*s - 26009 + 16166. List the prime factors of s.
3, 19, 29
Suppose v + 4*i = 13576 + 8617, 0 = -4*i. What are the prime factors of v?
22193
Let r = 77 + -75. Suppose -2*k = r*k + 588. Let l = 211 + k. What are the prime factors of l?
2
Let o = -38 - -33. Let y be (-49)/(-1 - 0) + 5/o. Suppose q + q = 5*n + y, 0 = -3*q - 3*n + 93. List the prime factors of q.
29
Let v be (1/(-4))/((-6)/72). Suppose -18 = -a + 4*w + 54, v*a - 2*w = 236. What are the prime factors of a?
2, 5
Let g(b) = -57 + 31 - 40 + 2*b**2 - 145*b + 110*b. List the prime factors of g(28).
2, 3, 29
Suppose -2*l + q - 933 + 8425 = 0, -q = l - 3743. Suppose -47*p + 12*p = -l. What are the prime factors of p?
107
Suppose -2494 - 5210 = -8*t. Let k = t + -538. What are the prime factors of k?
5, 17
Let f = -32 - -29. Let h be (0 + f)/(18/(-24)). Suppose h*v - 2*v - 133 = -3*x, 5*x + 2*v - 227 = 0. List the prime factors of x.
47
Let m = -18117 - -29580. List the prime factors of m.
3, 3821
List the prime factors of (23/((-1610)/1000))/(2 + (-45424)/22708).
2, 5, 811
What are the prime factors of -3 - (-4 - 206869/13)?
2, 73, 109
Suppose -2*c - 681*w + 679*w = -86146, -3*w = 4*c - 172298. What are the prime factors of c?
23, 1873
Let i = -335 + 351. Suppose -i*b = -5816 - 1752. List the prime factors of b.
11, 43
Let v = 154 - 160. What are the prime factors of v/8 + 33777/108?
2, 3, 13
Let v = 262 - 198. List the prime factors of (-616)/v + 10 + 10429/8.
2, 163
Suppose -3*v - 13 = -10. Let k be 0 - ((3 - 4) + v). Suppose -4*t = -k*t - 162. List the prime factors of t.
3
Suppose -251*o - 200 = -246*o. What are the prime factors of (927/5)/(-1*12/o)?
2, 3, 103
Let o = -53 + 187. Suppose u - o = 139. Suppose 3*h - u = -2*y, 7*h = 2*h - 5*y + 450. List the prime factors of h.
3, 31
Let m be 5/20 - 4/16*145. Let o(g) = -g**3 - 36*g**2 - 17*g + 41. What are the prime factors of o(m)?
653
Let t(q) = q**3 - 38*q**2 + 64*q - 692. List the prime factors of t(43).
5, 7, 17, 19
Let w(v) = -144*v - 69. Let c be w(-10). Suppose -5*n - c = -2*x, -12*x + 8*x = 4*n - 2812. What are the prime factors of x?
2, 349
Let l(p) = p**3 - 4*p**2 + 13*p - 17. Let a be l(6). Let k = a + 153. What are the prime factors of k?
2, 11, 13
Let h(z) = -5*z - 70. Let o be h(-14). Suppose 11*w - 4*c - 72 = 10*w, o = 4*w - 3*c - 249. List the prime factors of w.
2, 3, 5
Let g = 15234 + -2737. What are the prime factors of g?
12497
Let s(b) = -b + 2. Let a(o) = 2*o + 115. Let f(r) = a(r) + 6*s(r). List the prime factors of f(8).
5, 19
Let a(j) = -94*j - 91. Let v be a(7). Let o = v - -813. List the prime factors of o.
2
Let s = -35070 + 49154. List the prime factors of s.
2, 7, 503
Suppose -352*r = -276*r - 982072. List the prime factors of r.
2, 7, 13, 71
Suppose -25*b + 22*b + 190725 = 3*h, b + 3*h - 63577 = 0. What are the prime factors of b?
2, 7, 19, 239
Suppose -3*l + 37*l - 331942 = 0. What are the prime factors of l?
13, 751
Suppose 0 = 215*u - 226*u - 940170. What are the prime factors of u/(-54) + 2/9?
1583
Let z(l) = l**3 - 11*l**2 - 3*l - 21. Let m be z(11). What are the prime factors of (-12)/m - 62585/(-45)?
13, 107
Let v be (-4)/10 - (-3471)/65. Let k = v - 57. Let j(m) = 5*m**2 - 4*m - 5. What are the prime factors of j(k)?
7, 13
Let n be (-1*44/(-12))/((-7)/(-903)). Let p = n - 217. What are the prime factors of p?
2
Let w = -94 - -182. Let n = 93 - w. Suppose n*i - 2*q - 267 = 0, 4*q + 163 = -2*i + 5*i. List the prime factors of i.
53
Let k = 15110 - 9858. Suppose -k = 17*o - 28916. List the prime factors of o.
2, 3, 29
Let b(r) = -24*r - 5. Suppose 2*q + 42 = -3*s + 7*s, -4*q = -5*s + 69. Let p be b(q). Let h = p + -168. What are the prime factors of h?
7, 13
Let c be (-32)/64*6*-33. Let s = 164 - c. What are the prime factors of s?
5, 13
Let k(p) = -12*p - 109. Let d(s) = s**3 + 12*s**2 + 20*s - 10. Let m be d(-10). List the prime factors of k(m).
11
Suppose 0 = 4*s + 3*a - 16616, 13*s - 20793 = 8*s + 2*a. List the prime factors of s.
4157
Suppose -3*j = -3*v + 12, j + j + 8 = 0. Let a(z) = -248*z + z**3 + 15 + 9 + 246*z. What are the prime factors of a(v)?
2, 3
Let z(y) = 1. Let b(s) = 37*s - 7. Let g(r) = b(r) + 5*z(r). Let t be g(1). Suppose 4*n - 245 = p, -n + t = 5*p - 21. What are the prime factors of n?
61
Let f(m) = -m**2 - 515*m + 13972. List the prime factors of f(0).
2, 7, 499
Let p(z) = 20*z - 12. Let d be p(0). What are the prime factors of (258/d)/(7/(-14))?
43
Let o be (-1 - 25/(-5)) + 198. Let d = o - 16. What are the prime factors of d?
2, 3, 31
Let f = -229 - -235. Suppose -f*h - 175 = -3835. What are the prime factors of h?
2, 5, 61
Let v = 12341 - -2518. What are the prime factors of v?
3, 13, 127
Suppose -439*u + 444*u - 155564 + 41494 = 0. List the prime factors of u.
2, 11, 17, 61
Suppose -322*r = 7*r - 14996149. What are the prime factors of r?
19, 2399
Let l(z) = -121*z + 9129. List the prime factors of l(-118).
89, 263
Suppose 52*l + 394196 = 28*l + 55*l. What are the prime factors of l?
2, 11, 17
Let j be (4 - (4 + -20))*-1. What are the prime factors of 12/120 + (-1138)/j?
3, 19
Suppose 4*n - 45 = 5*c, 5*n = 14*c - 9*c + 50. Suppose 2 = h - 1, 387 = 4*m + n*h. What are the prime factors of m?
3, 31
Let r(y) = -8*y**3 + 7*y**2 + 7*y - 52. Let h be r(11). What are the prime factors of ((-3)/(-4))/((-52)/h)?
3, 47
Let y = 319 - 366. Let v = -42 - y. List the prime fact